y(f) be the first derivative of f**3/3 + f**2 + f - 11. Suppose -b = 5*v - 5 - 2, 4*v + 4 = -2*b. Let h = b - -6. What is y(h)?
1
Let j be ((-2)/(-13) - 184/13)/(-1). Let s(g) = -14 + g - j + 25 - 6. Determine s(9).
0
Let o(i) = -2*i**2 + 1311*i - 656*i - 655*i - 2. Determine o(-2).
-10
Let t(q) = 2*q**2 - q. Let k(u) = -28*u - 143. Let i be k(-5). Determine t(i).
21
Let y be 16/(-2) - (-31)/((-217)/(-28)). Let k(a) = 2*a**2 + 5*a - 2. What is k(y)?
10
Let i(v) be the first derivative of v**3/3 + 3*v**2 + 9*v + 19. Give i(-3).
0
Let r(s) = -2*s + 15. Let v be r(7). Let u(q) = -1 + 1 - 3*q - v. Suppose 8 = -3*a - 7, -14 = 2*z + 2*a. Give u(z).
5
Suppose 5*d + 0 - 20 = 0. Let c be (3/(-2))/(d/8). Let a(o) = -3*o + 10. Let m(n) = 3*n - 9. Let z(l) = 5*a(l) + 6*m(l). Calculate z(c).
-13
Let n = 1491/430 + 7/215. Let f(y) be the first derivative of 4*y - 11 - 1/4*y**4 - n*y**2 + 5/3*y**3. Determine f(4).
-8
Let n(q) = -25*q**2 + 6 + 12*q**3 - q**3 - 3*q**3 - 9*q**3 - 24*q. Determine n(-24).
6
Let z(o) be the first derivative of o**2/2 - 2*o + 18. Suppose -6 = 2*g + p + 2, -5*g - 5*p = 30. What is z(g)?
-4
Suppose 7*j - 74 = -18. Let x(q) = 2*q + 15 + q**2 - 11 - j. Calculate x(-5).
11
Let c(i) = i**2 - 6*i - 4. Let h be c(7). Let j(a) = -4*a**2 + 5*a**h + 2*a**2 - 158 + 159. Let f = 5 - 4. What is j(f)?
4
Let m(r) = r + 3. Let j = 171 - 280. Let b = 112 + j. Give m(b).
6
Suppose 0*j - 30 = -3*j. Suppose 7*p - j*p = -6. Let w(t) = 0*t + 31*t**2 + 1 - 24*t**2 - p*t. Give w(1).
6
Let t(p) = -13*p**3 + p**2 + p. Suppose 0 = 2199*c - 2197*c + 2. Determine t(c).
13
Let v = 4 - 2. Suppose -20*f = -15*f - 30. Let b(o) = 22*o**2 - 13*o**2 - 1 - f*o**v - 3*o. Calculate b(3).
17
Let g(s) = 2*s + 6. Let h be (-14)/6 - (-4)/(-6). Let r(z) = z. Let k(p) = h*r(p) + g(p). Calculate k(-5).
11
Let u(r) = -6*r - 4. Suppose -2*m - 5 - 3 = 0. Let i be u(m). Suppose 2 = -3*z + i. Let g(o) = o**2 - 5*o - 2. Calculate g(z).
4
Let b(o) be the first derivative of -o**3/3 - o**2 + 4*o - 237. Give b(3).
-11
Let o(i) = -i**3 - 2*i**2 + 5*i + 3. Suppose 4*l + 3*s + 6 = 0, 0 = -0*l + l + 2*s - 1. Let n be 3/2*8/l*1. Determine o(n).
15
Let b(s) = -s + 1. Let m = -3 + 7. Suppose -4*z - 4 = -0*z + 4*t, -2*t = 5*z + 2. Suppose p + 6 = -k, z*p + m*k + 4 = p. What is b(p)?
5
Let m(n) = -n**2 - 6*n - 4. Let u be m(-5). Let l(s) = 11 + 29270*s - 12 + 2*s**2 - 29268*s. Give l(u).
3
Let l = -2 - -7. Suppose -l*t + 5 = -4*t. Let u(m) = -m + 2. Let z be u(t). Let i(x) = x**3 + 5*x**2 + x - 1. What is i(z)?
14
Let a(s) be the second derivative of s**3/2 - 4*s**2 + 3*s - 17. Give a(6).
10
Let p(h) = h**3 + 3*h**3 + 3*h - 3*h**3 - 2*h**2. Let c(a) = a**3 + 10*a**2 + 8*a - 7. Let j be c(-9). What is p(j)?
6
Suppose -2*k + 49 = o, o + o - 123 = -5*k. Let v = -31 + k. Let a(s) = s + 8. What is a(v)?
2
Let s(p) = 6*p**2 - 2*p - 19*p**2 + 3*p**2 - 1 + 4*p**2. Calculate s(-1).
-5
Suppose -188*u + 180*u = -144. Let a(s) = -s + 26. Calculate a(u).
8
Let w(r) = r**2 - 3*r**2 + 1971 - 5*r + 0*r**2 + r**2 - 1975. Calculate w(-3).
2
Let x = 21 - 25. Let q(a) = 3*a + 2*a**3 - 6*a**3 + a**3 - 5*a**2 - 3. Let v(m) = -10*m**3 - 16*m**2 + 10*m - 10. Let r(j) = 7*q(j) - 2*v(j). What is r(x)?
11
Let f(p) = 5*p**2 - 10*p + 12. Let g(u) = 3*u**2 - 7*u + 7. Let a(o) = -5*f(o) + 8*g(o). Determine a(-8).
-20
Let m be 4/((-2)/(1 - -3)). Let w be (-98)/(-10) - m/(-10). Suppose -g + 11 = w. Let i(v) = v**3 - v**2 + 2*v - 1. Determine i(g).
7
Let k(o) = o**2 + 11*o + 17. Let h be 9*((-56)/(-21) + -4). What is k(h)?
29
Let q(t) = -3*t**2 + 2*t**2 - t + 2*t**2 + 0*t**2. Suppose -5*u = -10*u - 5. Let x be u/(-9) - 70/(-18). Determine q(x).
12
Let l(u) = u**2 + 11*u + 24. Let m be ((-1860)/(-155))/(3/(-2)). Give l(m).
0
Let b(m) = -m - 6. Let d = -249 - -238. Give b(d).
5
Let j(l) = -11 + 2*l**2 + 0*l**2 - 9*l**2 + 6*l**2 + 6*l. Give j(8).
-27
Let w(u) = 3*u**2 - 13*u - 41. Let a(b) = 2*b**2 - 14*b - 40. Let q(s) = -4*a(s) + 3*w(s). Determine q(-14).
-5
Let r(w) = 31*w**3 - 20*w**2 + 14*w - 2. Let f(c) = 11*c**3 - 7*c**2 + 5*c - 1. Let x(a) = -17*f(a) + 6*r(a). Let o(s) = -s**2 - 7*s. Let i be o(-7). Give x(i).
5
Let u be ((-2)/5)/((-1)/(-10)). Suppose -3*r + 2 = -13. Let s(l) = -8 - 4*l**3 - 4*l + 3*l**3 + 2 - r*l**2. Give s(u).
-6
Let t(y) be the third derivative of 1/3*y**3 + 0*y + 0 - 1/6*y**4 + 6*y**2 + 1/30*y**5. Let g be 5*3/(-15)*-2. Give t(g).
2
Let z(l) be the third derivative of -l**4/8 - 19*l**3/6 - 811*l**2. Determine z(-8).
5
Let p(a) be the second derivative of -a**4/6 - a**3/6 - a**2/2 + a - 22. Calculate p(-4).
-29
Let k(m) = 7*m - 24. Let l(p) = -6*p + 23. Let u(b) = -4*k(b) - 5*l(b). Let y(r) = r - 10. Let i(n) = -6*u(n) + 11*y(n). Calculate i(8).
-4
Let v(d) = -3*d**2 + 2*d. Suppose -7*o = 44 - 58. Give v(o).
-8
Suppose -10*k = 69 + 31. Let t be 10/(-25) - 4/k. Let h(i) = i - 20. Give h(t).
-20
Let x(b) = -117*b**2 - 2*b**3 + 14 + 75*b**2 - 2*b + 64*b**2. Calculate x(11).
-8
Let y(u) = u**2 - 5*u - 2. Let x be 1/2*20*4/8. Suppose 2 = 2*o - 2*p, -o - x*p = -3*o - 7. Give y(o).
-6
Let t(x) be the first derivative of -7*x**3/3 + x**2/2 - 8. Let v = -3 + 1. Let q be v - (-3)/(1 - -2). Determine t(q).
-8
Let g be (-1)/(-5) + 56/20. Suppose -2*k - g = -13. Let a(q) = -q**2 + 2*q + 4. Determine a(k).
-11
Let z(q) = -q**3 + 5*q**2 + q + 4. Let p = 10 - 4. Suppose 0*w - 30 = -p*w. What is z(w)?
9
Let s = -3 - -6. Let y(i) = -5 + 23*i**s - 9*i**3 - 8*i - 13*i**3 + 5*i**2. What is y(-6)?
7
Let f(d) be the first derivative of d**2/2 + d + 52. Determine f(-16).
-15
Let i(n) = n**3 + 6*n**2 - 27*n - 5. Let s be i(-9). Let o(y) = -y**3 - 3*y**2 + 6*y + 2. Calculate o(s).
22
Let q(o) = -o**3 + 3*o**2 + 2*o - 1. Let a be 3/(-1) + 6 + 29. Let y = 36 - a. Determine q(y).
-9
Let x(a) be the second derivative of -a**4/12 + 2*a**3/3 + 13*a**2/2 + 2*a - 9. Calculate x(7).
-8
Let y = -2549 + 2550. Let m(d) = -d**2 - 7*d + 6. Determine m(y).
-2
Let u(b) = -b + 18. Let a be u(17). Let r(p) = -32*p**2 + 4*p + 1. Let i(z) = -94*z**2 + 11*z + 3. Let f(g) = 6*i(g) - 17*r(g). What is f(a)?
-21
Let r be (2 + (-15)/10)*(1 - -39). Let s be 16*(-3 + r/8). Let j(x) = x**2 + 7*x - 7. Give j(s).
1
Let x(q) = -q + 3*q**3 + 0*q**3 + 10 - 4*q**3. Let z(a) = a + 10. Let y be z(-7). Suppose y*g - 22 = -4*p - 6, -2*p + 8 = -3*g. Determine x(g).
10
Suppose -3*u = -3*j + 2*u + 21, -15 = 5*u. Let c(g) = 10*g**3 - 4 - 17*g**3 - 7*g**2 + j + 9*g + 6*g**3. What is c(-8)?
-10
Suppose -3*p - 46 = x, -x + 15 = -2*p + 51. Let u be 30/x*8/(-3). Suppose -s = 2*s + 12, -3*m - u = -s. Let d(a) = a**3 + a**2 + 3*a + 1. Give d(m).
-9
Suppose 0 = -2*y - 2*o, -4*o + 20 = o. Let t = y + 6. Let w(g) = 3*g**2 + 3*g**3 - 1 + t*g**3 + g - 4*g**3 + g**2. Calculate w(-3).
5
Let k(l) = -3*l - 1. Suppose 4 = -2*j, -s + 0*s - 5*j - 14 = 0. What is k(s)?
11
Suppose 0 = -20*d + 5*d + 90. Let b(c) = c - 6. Calculate b(d).
0
Suppose -2*m = 2*l + 18, 4*l + 8 + 0 = 3*m. Let a(x) = -x**2 - 3*x. Let k(p) = p**2 + 2*p - 1. Let z(s) = 4*a(s) + 3*k(s). Calculate z(m).
5
Let v(y) = -31*y**3 - y**2 + 1. Let q = 1057 + -1056. Give v(q).
-31
Let l(n) be the third derivative of -n**6/720 - n**5/120 + 5*n**4/24 + 6*n**2. Let i(y) be the second derivative of l(y). Suppose 10 = 4*f - 2. Give i(f).
-4
Let b(x) = x**2 - 10*x + 22. Let g = -215 - -221. Determine b(g).
-2
Let k(j) = 2*j**3 + 59*j**2 + 28*j - 28. Let q be k(-29). Suppose 27 = 4*u - 3*y, 9 = 4*u + y + 2. Let h(f) = u*f - 7*f**2 - 2*f - 2*f**2. What is h(q)?
-8
Let b(x) = 3*x. Suppose 2*h + 11 = 3. Let c be 7/4 + (-1)/h. What is b(c)?
6
Let z = -21 + 16. Let l be (-4)/z + 208/(-10). Let j be 8/l*-5 + 2. Let d(c) = -c**2 + 5*c - 1. Determine d(j).
3
Let r = -345 + 349. Let k(h) = -h**3 + 5*h**2 - 7*h + 4. What is k(r)?
-8
Let c = -1009 - -1012. Let j(b) = -18*b + 57. What is j(c)?
3
Let i(j) = j - 3. Let d be 44/88 + (-9)/(-2). What is i(d)?
2
Let j(z) be the first derivative of z**4/4 - 5*z**3/3 + 2*z**2 + 4*z - 22. Give j(4).
4
Suppose -3*m = b - 34, m + 2 + 0 = 3*b. Suppose 6*u - 4*u + m = 0. Let l(n) = -n. Let i(z) = -z**2 - 8*z + 6. Let f(o) = -i(o) + 4*l(o). Give f(u).
-1
Let b(g) = 2 + 3 - 4*g + 5 + 4 - 12. Suppose 0*w + 3*w = 15. What is b(w)?
-18
Suppose -3*p + 4*p + 6 = 0. Let g(j) = -20*j**2 - 18*j + 15. Let v(t) = -7*t